{"version":"1.0","provider_name":"Archila Abogados","provider_url":"https:\/\/archilaabogados.com\/en","title":"Foro de Transporte de carga y servicios postales de COLFECAR - Archila Abogados","type":"rich","width":600,"height":338,"html":"<blockquote class=\"wp-embedded-content\" data-secret=\"z1u44ZSFgo\"><a href=\"https:\/\/archilaabogados.com\/en\/2017\/12\/17\/transporte-colfecar\/\">Foro de Transporte de carga y servicios postales de COLFECAR<\/a><\/blockquote><iframe sandbox=\"allow-scripts\" security=\"restricted\" src=\"https:\/\/archilaabogados.com\/en\/2017\/12\/17\/transporte-colfecar\/embed\/#?secret=z1u44ZSFgo\" width=\"600\" height=\"338\" title=\"&#8220;Foro de Transporte de carga y servicios postales de COLFECAR&#8221; &#8212; Archila Abogados\" data-secret=\"z1u44ZSFgo\" frameborder=\"0\" marginwidth=\"0\" marginheight=\"0\" scrolling=\"no\" class=\"wp-embedded-content\"><\/iframe><script>\n\/*! This file is auto-generated *\/\n!function(d,l){\"use strict\";l.querySelector&&d.addEventListener&&\"undefined\"!=typeof URL&&(d.wp=d.wp||{},d.wp.receiveEmbedMessage||(d.wp.receiveEmbedMessage=function(e){var t=e.data;if((t||t.secret||t.message||t.value)&&!\/[^a-zA-Z0-9]\/.test(t.secret)){for(var s,r,n,a=l.querySelectorAll('iframe[data-secret=\"'+t.secret+'\"]'),o=l.querySelectorAll('blockquote[data-secret=\"'+t.secret+'\"]'),c=new RegExp(\"^https?:$\",\"i\"),i=0;i<o.length;i++)o[i].style.display=\"none\";for(i=0;i<a.length;i++)s=a[i],e.source===s.contentWindow&&(s.removeAttribute(\"style\"),\"height\"===t.message?(1e3<(r=parseInt(t.value,10))?r=1e3:~~r<200&&(r=200),s.height=r):\"link\"===t.message&&(r=new URL(s.getAttribute(\"src\")),n=new URL(t.value),c.test(n.protocol))&&n.host===r.host&&l.activeElement===s&&(d.top.location.href=t.value))}},d.addEventListener(\"message\",d.wp.receiveEmbedMessage,!1),l.addEventListener(\"DOMContentLoaded\",function(){for(var e,t,s=l.querySelectorAll(\"iframe.wp-embedded-content\"),r=0;r<s.length;r++)(t=(e=s[r]).getAttribute(\"data-secret\"))||(t=Math.random().toString(36).substring(2,12),e.src+=\"#?secret=\"+t,e.setAttribute(\"data-secret\",t)),e.contentWindow.postMessage({message:\"ready\",secret:t},\"*\")},!1)))}(window,document);\n\/\/# sourceURL=https:\/\/archilaabogados.com\/wp-includes\/js\/wp-embed.min.js\n<\/script>","thumbnail_url":"http:\/\/archilaabogados.com\/wp-content\/uploads\/2017\/12\/archila_publicaciones.jpg","thumbnail_width":240,"thumbnail_height":290,"description":"En la CP se prev\u00e9 un modelo de econom\u00eda social de mercado. As\u00ed, existen libertad de empresa y libre competencia. Pero, bajo la posible intervenci\u00f3n del Estado. Dentro de las variables que el Estado puede intervenir est\u00e1 el precio. Esa intervenci\u00f3n se puede dar en uno de los esquemas previstos en la ley 81 de..."}

En la CP se prevé un modelo de economía social de mercado. Así, existen libertad de empresa y libre competencia. Pero, bajo la posible intervención del Estado. Dentro de las variables que el Estado puede intervenir está el precio. Esa intervención se puede dar en uno de los esquemas previstos en la ley 81 de...
