{"id":2247,"date":"2022-06-07T21:45:01","date_gmt":"2022-06-07T21:45:01","guid":{"rendered":"https:\/\/archilaabogados.com\/?page_id=2247"},"modified":"2022-07-13T23:57:43","modified_gmt":"2022-07-13T23:57:43","slug":"aviso-de-privacidad","status":"publish","type":"page","link":"https:\/\/archilaabogados.com\/en\/aviso-de-privacidad\/","title":{"rendered":"Aviso de privacidad"},"content":{"rendered":"<div data-elementor-type=\"wp-page\" data-elementor-id=\"2247\" class=\"elementor elementor-2247\" data-elementor-post-type=\"page\">\n\t\t\t\t\t\t<section class=\"elementor-section elementor-top-section elementor-element elementor-element-64fbdbb elementor-section-boxed elementor-section-height-default elementor-section-height-default\" data-id=\"64fbdbb\" data-element_type=\"section\" data-e-type=\"section\" data-settings=\"{&quot;background_background&quot;:&quot;gradient&quot;}\">\n\t\t\t\t\t\t\t<div class=\"elementor-background-overlay\"><\/div>\n\t\t\t\t\t\t\t<div class=\"elementor-container elementor-column-gap-default\">\n\t\t\t\t\t<div class=\"elementor-column elementor-col-100 elementor-top-column elementor-element elementor-element-b97e05c\" data-id=\"b97e05c\" data-element_type=\"column\" data-e-type=\"column\" data-settings=\"{&quot;background_background&quot;:&quot;classic&quot;}\">\n\t\t\t<div class=\"elementor-widget-wrap elementor-element-populated\">\n\t\t\t\t\t\t<div class=\"elementor-element elementor-element-77bd6d5 elementor--h-position-center elementor--v-position-middle elementor-widget elementor-widget-slides\" data-id=\"77bd6d5\" data-element_type=\"widget\" data-e-type=\"widget\" data-settings=\"{&quot;navigation&quot;:&quot;none&quot;,&quot;transition&quot;:&quot;slide&quot;,&quot;transition_speed&quot;:500}\" data-widget_type=\"slides.default\">\n\t\t\t\t<div class=\"elementor-widget-container\">\n\t\t\t\t\t\t\t<div class=\"elementor-swiper\">\n\t\t\t<div class=\"elementor-slides-wrapper elementor-main-swiper swiper-container\" dir=\"ltr\" data-animation=\"\">\n\t\t\t\t<div class=\"swiper-wrapper elementor-slides\">\n\t\t\t\t\t\t\t\t\t\t<div class=\"elementor-repeater-item-17db268 swiper-slide\"><div class=\"swiper-slide-bg\" role=\"img\"><\/div><div class=\"swiper-slide-inner\" ><div class=\"swiper-slide-contents\"><div class=\"elementor-slide-heading\">Aviso de privacidad<\/div><\/div><\/div><\/div>\t\t\t\t<\/div>\n\t\t\t\t\t\t\t<\/div>\n\t\t<\/div>\n\t\t\t\t\t\t<\/div>\n\t\t\t\t<\/div>\n\t\t\t\t\t<\/div>\n\t\t<\/div>\n\t\t\t\t\t<\/div>\n\t\t<\/section>\n\t\t\t\t<section class=\"elementor-section elementor-top-section elementor-element elementor-element-50fa92c elementor-section-boxed elementor-section-height-default elementor-section-height-default\" data-id=\"50fa92c\" data-element_type=\"section\" data-e-type=\"section\">\n\t\t\t\t\t\t<div class=\"elementor-container elementor-column-gap-default\">\n\t\t\t\t\t<div class=\"elementor-column elementor-col-100 elementor-top-column elementor-element elementor-element-0ca52af\" data-id=\"0ca52af\" data-element_type=\"column\" data-e-type=\"column\">\n\t\t\t<div class=\"elementor-widget-wrap elementor-element-populated\">\n\t\t\t\t\t\t<div class=\"elementor-element elementor-element-eaa320b elementor-widget elementor-widget-text-editor\" data-id=\"eaa320b\" data-element_type=\"widget\" data-e-type=\"widget\" data-widget_type=\"text-editor.default\">\n\t\t\t\t<div class=\"elementor-widget-container\">\n\t\t\t\t\t\t\t\t\t<p><strong>Archila Abogados Ltda., en cumplimiento de la Ley 1581 de 2012 y dem\u00e1s normas concordantes, es responsable del tratamiento de sus datos personales.<\/strong><\/p><ul><li>Los datos personales que la Archila Abogados Ltda. solicita ser\u00e1n utilizados para fines relacionados con:<\/li><li>El cumplimiento de los contratos celebrados con nuestros clientes y la prestaci\u00f3n de los servicios contratados propios del objeto social de Archila Abogados Ltda., consistentes en asesor\u00eda y representaci\u00f3n legal en asuntos jur\u00eddicos de diversa \u00edndole.<\/li><li>La promoci\u00f3n de eventos acad\u00e9micos.<\/li><li>El env\u00edo a nuestros clientes de informaci\u00f3n de actualidad en asuntos normativos, judiciales o regulatorios de su inter\u00e9s.<\/li><li>La vinculaci\u00f3n, ejecuci\u00f3n y terminaci\u00f3n de la relaci\u00f3n laboral que surja entre Archila Abogados Ltda. y sus empleados.<\/li><li>El contacto y contrataci\u00f3n con proveedores de productos o servicios que Archila Abogados Ltda. requiera para el normal funcionamiento de su operaci\u00f3n y para la adecuada dotaci\u00f3n de sus instalaciones u oficinas. Como titular de informaci\u00f3n tiene derecho a conocer, actualizar y rectificar sus datos personales y, s\u00f3lo en los casos en que sea procedente, a suprimirlos o revocar la autorizaci\u00f3n otorgada para su tratamiento.<\/li><\/ul><p>Si requiere mayor informaci\u00f3n para conocer nuestra pol\u00edtica de tratamiento de datos personales y los cambios sustanciales que se produzcan en ella, <a href=\"http:\/\/www.sic.gov.co\/sites\/default\/files\/files\/Politicas_Habeas_Data_0.pdf\"><strong>c<\/strong><strong>on<\/strong><strong>s<\/strong><strong>u<\/strong><strong>l<\/strong><strong>te aqu\u00ed.<\/strong><\/a><\/p><p>Si desea presentar una consulta, reclamo o petici\u00f3n de informaci\u00f3n relacionada con la protecci\u00f3n de datos personales puede contactar al \u00e1rea encargada del Tratamiento de los Datos Personales en Archila Abogados de lunes a viernes en horario 8:00 AM \u2013 12:00 M y 2:00 PM a 6:00 PM, a trav\u00e9s del correo <a href=\"mailto:aaponte@archilaabogados.com\">aaponte@archilaabogados.com<\/a>, o comunicarse con la l\u00ednea de atenci\u00f3n (+57 601) 6181697 o f\u00edsicamente a la direcci\u00f3n Calle 90 No. 19-41 oficina 301.<\/p>\t\t\t\t\t\t\t\t<\/div>\n\t\t\t\t<\/div>\n\t\t\t\t\t<\/div>\n\t\t<\/div>\n\t\t\t\t\t<\/div>\n\t\t<\/section>\n\t\t\t\t<\/div>","protected":false},"excerpt":{"rendered":"<p>Aviso de privacidad Archila Abogados Ltda., en cumplimiento de la Ley 1581 de 2012 y dem\u00e1s normas concordantes, es responsable del tratamiento de sus datos personales. Los datos personales que la Archila Abogados Ltda. solicita ser\u00e1n utilizados para fines relacionados con: El cumplimiento de los contratos celebrados con nuestros clientes y la prestaci\u00f3n de los&#8230;<\/p>","protected":false},"author":1,"featured_media":0,"parent":0,"menu_order":0,"comment_status":"closed","ping_status":"closed","template":"","meta":{"_kad_post_transparent":"","_kad_post_title":"hide","_kad_post_layout":"fullwidth","_kad_post_sidebar_id":"","_kad_post_content_style":"unboxed","_kad_post_vertical_padding":"hide","_kad_post_feature":"hide","_kad_post_feature_position":"","_kad_post_header":false,"_kad_post_footer":false,"footnotes":""},"class_list":["post-2247","page","type-page","status-publish","hentry"],"yoast_head":"<!-- This site is optimized with the Yoast SEO plugin v27.4 - https:\/\/yoast.com\/product\/yoast-seo-wordpress\/ -->\n<title>Aviso de privacidad - Archila Abogados<\/title>\n<meta name=\"robots\" content=\"index, follow, max-snippet:-1, max-image-preview:large, max-video-preview:-1\" \/>\n<link rel=\"canonical\" href=\"https:\/\/archilaabogados.com\/en\/aviso-de-privacidad\/\" \/>\n<meta property=\"og:locale\" content=\"en_US\" \/>\n<meta property=\"og:type\" content=\"article\" \/>\n<meta property=\"og:title\" content=\"Aviso de privacidad - Archila Abogados\" \/>\n<meta property=\"og:description\" content=\"Aviso de privacidad Archila Abogados Ltda., en cumplimiento de la Ley 1581 de 2012 y dem\u00e1s normas concordantes, es responsable del tratamiento de sus datos personales. Los datos personales que la Archila Abogados Ltda. solicita ser\u00e1n utilizados para fines relacionados con: El cumplimiento de los contratos celebrados con nuestros clientes y la prestaci\u00f3n de los...\" \/>\n<meta property=\"og:url\" content=\"https:\/\/archilaabogados.com\/en\/aviso-de-privacidad\/\" \/>\n<meta property=\"og:site_name\" content=\"Archila Abogados\" \/>\n<meta property=\"article:modified_time\" content=\"2022-07-13T23:57:43+00:00\" \/>\n<meta name=\"twitter:card\" content=\"summary_large_image\" \/>\n<meta name=\"twitter:label1\" content=\"Est. reading time\" \/>\n\t<meta name=\"twitter:data1\" content=\"2 minutes\" \/>\n<script type=\"application\/ld+json\" class=\"yoast-schema-graph\">{\"@context\":\"https:\\\/\\\/schema.org\",\"@graph\":[{\"@type\":\"WebPage\",\"@id\":\"https:\\\/\\\/archilaabogados.com\\\/aviso-de-privacidad\\\/\",\"url\":\"https:\\\/\\\/archilaabogados.com\\\/aviso-de-privacidad\\\/\",\"name\":\"Aviso de privacidad - Archila Abogados\",\"isPartOf\":{\"@id\":\"https:\\\/\\\/archilaabogados.com\\\/#website\"},\"datePublished\":\"2022-06-07T21:45:01+00:00\",\"dateModified\":\"2022-07-13T23:57:43+00:00\",\"breadcrumb\":{\"@id\":\"https:\\\/\\\/archilaabogados.com\\\/aviso-de-privacidad\\\/#breadcrumb\"},\"inLanguage\":\"en-US\",\"potentialAction\":[{\"@type\":\"ReadAction\",\"target\":[\"https:\\\/\\\/archilaabogados.com\\\/aviso-de-privacidad\\\/\"]}]},{\"@type\":\"BreadcrumbList\",\"@id\":\"https:\\\/\\\/archilaabogados.com\\\/aviso-de-privacidad\\\/#breadcrumb\",\"itemListElement\":[{\"@type\":\"ListItem\",\"position\":1,\"name\":\"Home\",\"item\":\"https:\\\/\\\/archilaabogados.com\\\/\"},{\"@type\":\"ListItem\",\"position\":2,\"name\":\"Aviso de privacidad\"}]},{\"@type\":\"WebSite\",\"@id\":\"https:\\\/\\\/archilaabogados.com\\\/#website\",\"url\":\"https:\\\/\\\/archilaabogados.com\\\/\",\"name\":\"Archila Abogados\",\"description\":\"Servicios legales\",\"potentialAction\":[{\"@type\":\"SearchAction\",\"target\":{\"@type\":\"EntryPoint\",\"urlTemplate\":\"https:\\\/\\\/archilaabogados.com\\\/?s={search_term_string}\"},\"query-input\":{\"@type\":\"PropertyValueSpecification\",\"valueRequired\":true,\"valueName\":\"search_term_string\"}}],\"inLanguage\":\"en-US\"}]}<\/script>\n<!-- \/ Yoast SEO plugin. -->","yoast_head_json":{"title":"Aviso de privacidad - Archila Abogados","robots":{"index":"index","follow":"follow","max-snippet":"max-snippet:-1","max-image-preview":"max-image-preview:large","max-video-preview":"max-video-preview:-1"},"canonical":"https:\/\/archilaabogados.com\/en\/aviso-de-privacidad\/","og_locale":"en_US","og_type":"article","og_title":"Aviso de privacidad - Archila Abogados","og_description":"Aviso de privacidad Archila Abogados Ltda., en cumplimiento de la Ley 1581 de 2012 y dem\u00e1s normas concordantes, es responsable del tratamiento de sus datos personales. Los datos personales que la Archila Abogados Ltda. solicita ser\u00e1n utilizados para fines relacionados con: El cumplimiento de los contratos celebrados con nuestros clientes y la prestaci\u00f3n de los...","og_url":"https:\/\/archilaabogados.com\/en\/aviso-de-privacidad\/","og_site_name":"Archila Abogados","article_modified_time":"2022-07-13T23:57:43+00:00","twitter_card":"summary_large_image","twitter_misc":{"Est. reading time":"2 minutes"},"schema":{"@context":"https:\/\/schema.org","@graph":[{"@type":"WebPage","@id":"https:\/\/archilaabogados.com\/aviso-de-privacidad\/","url":"https:\/\/archilaabogados.com\/aviso-de-privacidad\/","name":"Aviso de privacidad - Archila Abogados","isPartOf":{"@id":"https:\/\/archilaabogados.com\/#website"},"datePublished":"2022-06-07T21:45:01+00:00","dateModified":"2022-07-13T23:57:43+00:00","breadcrumb":{"@id":"https:\/\/archilaabogados.com\/aviso-de-privacidad\/#breadcrumb"},"inLanguage":"en-US","potentialAction":[{"@type":"ReadAction","target":["https:\/\/archilaabogados.com\/aviso-de-privacidad\/"]}]},{"@type":"BreadcrumbList","@id":"https:\/\/archilaabogados.com\/aviso-de-privacidad\/#breadcrumb","itemListElement":[{"@type":"ListItem","position":1,"name":"Home","item":"https:\/\/archilaabogados.com\/"},{"@type":"ListItem","position":2,"name":"Aviso de privacidad"}]},{"@type":"WebSite","@id":"https:\/\/archilaabogados.com\/#website","url":"https:\/\/archilaabogados.com\/","name":"Archila Abogados","description":"Servicios legales","potentialAction":[{"@type":"SearchAction","target":{"@type":"EntryPoint","urlTemplate":"https:\/\/archilaabogados.com\/?s={search_term_string}"},"query-input":{"@type":"PropertyValueSpecification","valueRequired":true,"valueName":"search_term_string"}}],"inLanguage":"en-US"}]}},"_links":{"self":[{"href":"https:\/\/archilaabogados.com\/en\/wp-json\/wp\/v2\/pages\/2247","targetHints":{"allow":["GET"]}}],"collection":[{"href":"https:\/\/archilaabogados.com\/en\/wp-json\/wp\/v2\/pages"}],"about":[{"href":"https:\/\/archilaabogados.com\/en\/wp-json\/wp\/v2\/types\/page"}],"author":[{"embeddable":true,"href":"https:\/\/archilaabogados.com\/en\/wp-json\/wp\/v2\/users\/1"}],"replies":[{"embeddable":true,"href":"https:\/\/archilaabogados.com\/en\/wp-json\/wp\/v2\/comments?post=2247"}],"version-history":[{"count":5,"href":"https:\/\/archilaabogados.com\/en\/wp-json\/wp\/v2\/pages\/2247\/revisions"}],"predecessor-version":[{"id":3375,"href":"https:\/\/archilaabogados.com\/en\/wp-json\/wp\/v2\/pages\/2247\/revisions\/3375"}],"wp:attachment":[{"href":"https:\/\/archilaabogados.com\/en\/wp-json\/wp\/v2\/media?parent=2247"}],"curies":[{"name":"wp","href":"https:\/\/api.w.org\/{rel}","templated":true}]}}

<div data-elementor-type="wp-page" data-elementor-id="2247" class="elementor elementor-2247" data-elementor-post-type="page">
						<section class="elementor-section elementor-top-section elementor-element elementor-element-64fbdbb elementor-section-boxed elementor-section-height-default elementor-section-height-default" data-id="64fbdbb" data-element_type="section" data-e-type="section" data-settings="{&quot;background_background&quot;:&quot;gradient&quot;}">
							<div class="elementor-background-overlay"></div>
							<div class="elementor-container elementor-column-gap-default">
					<div class="elementor-column elementor-col-100 elementor-top-column elementor-element elementor-element-b97e05c" data-id="b97e05c" data-element_type="column" data-e-type="column" data-settings="{&quot;background_background&quot;:&quot;classic&quot;}">
			<div class="elementor-widget-wrap elementor-element-populated">
						<div class="elementor-element elementor-element-77bd6d5 elementor--h-position-center elementor--v-position-middle elementor-widget elementor-widget-slides" data-id="77bd6d5" data-element_type="widget" data-e-type="widget" data-settings="{&quot;navigation&quot;:&quot;none&quot;,&quot;transition&quot;:&quot;slide&quot;,&quot;transition_speed&quot;:500}" data-widget_type="slides.default">
				<div class="elementor-widget-container">
							<div class="elementor-swiper">
			<div class="elementor-slides-wrapper elementor-main-swiper swiper-container" dir="ltr" data-animation="">
				<div class="swiper-wrapper elementor-slides">
										<div class="elementor-repeater-item-17db268 swiper-slide"><div class="swiper-slide-bg" role="img"></div><div class="swiper-slide-inner" ><div class="swiper-slide-contents"><div class="elementor-slide-heading">Aviso de privacidad</div></div></div></div>				</div>
							</div>
		</div>
						</div>
				</div>
					</div>
		</div>
					</div>
		</section>
				<section class="elementor-section elementor-top-section elementor-element elementor-element-50fa92c elementor-section-boxed elementor-section-height-default elementor-section-height-default" data-id="50fa92c" data-element_type="section" data-e-type="section">
						<div class="elementor-container elementor-column-gap-default">
					<div class="elementor-column elementor-col-100 elementor-top-column elementor-element elementor-element-0ca52af" data-id="0ca52af" data-element_type="column" data-e-type="column">
			<div class="elementor-widget-wrap elementor-element-populated">
						<div class="elementor-element elementor-element-eaa320b elementor-widget elementor-widget-text-editor" data-id="eaa320b" data-element_type="widget" data-e-type="widget" data-widget_type="text-editor.default">
				<div class="elementor-widget-container">
									<p><strong>Archila Abogados Ltda., en cumplimiento de la Ley 1581 de 2012 y demás normas concordantes, es responsable del tratamiento de sus datos personales.</strong></p><ul><li>Los datos personales que la Archila Abogados Ltda. solicita serán utilizados para fines relacionados con:</li><li>El cumplimiento de los contratos celebrados con nuestros clientes y la prestación de los servicios contratados propios del objeto social de Archila Abogados Ltda., consistentes en asesoría y representación legal en asuntos jurídicos de diversa índole.</li><li>La promoción de eventos académicos.</li><li>El envío a nuestros clientes de información de actualidad en asuntos normativos, judiciales o regulatorios de su interés.</li><li>La vinculación, ejecución y terminación de la relación laboral que surja entre Archila Abogados Ltda. y sus empleados.</li><li>El contacto y contratación con proveedores de productos o servicios que Archila Abogados Ltda. requiera para el normal funcionamiento de su operación y para la adecuada dotación de sus instalaciones u oficinas. Como titular de información tiene derecho a conocer, actualizar y rectificar sus datos personales y, sólo en los casos en que sea procedente, a suprimirlos o revocar la autorización otorgada para su tratamiento.</li></ul><p>Si requiere mayor información para conocer nuestra política de tratamiento de datos personales y los cambios sustanciales que se produzcan en ella, <a href="http://www.sic.gov.co/sites/default/files/files/Politicas_Habeas_Data_0.pdf"><strong>c</strong><strong>on</strong><strong>s</strong><strong>u</strong><strong>l</strong><strong>te aquí.</strong></a></p><p>Si desea presentar una consulta, reclamo o petición de información relacionada con la protección de datos personales puede contactar al área encargada del Tratamiento de los Datos Personales en Archila Abogados de lunes a viernes en horario 8:00 AM – 12:00 M y 2:00 PM a 6:00 PM, a través del correo <a href="mailto:aaponte@archilaabogados.com">aaponte@archilaabogados.com</a>, o comunicarse con la línea de atención (+57 601) 6181697 o físicamente a la dirección Calle 90 No. 19-41 oficina 301.</p>								</div>
				</div>
					</div>
		</div>
					</div>
		</section>
				</div>

<p>Aviso de privacidad Archila Abogados Ltda., en cumplimiento de la Ley 1581 de 2012 y demás normas concordantes, es responsable del tratamiento de sus datos personales. Los datos personales que la Archila Abogados Ltda. solicita serán utilizados para fines relacionados con: El cumplimiento de los contratos celebrados con nuestros clientes y la prestación de los&#8230;</p>

<!-- This site is optimized with the Yoast SEO plugin v27.4 - https://yoast.com/product/yoast-seo-wordpress/ -->
<title>Aviso de privacidad - Archila Abogados</title>
<meta name="robots" content="index, follow, max-snippet:-1, max-image-preview:large, max-video-preview:-1" />
<link rel="canonical" href="https://archilaabogados.com/en/aviso-de-privacidad/" />
<meta property="og:locale" content="en_US" />
<meta property="og:type" content="article" />
<meta property="og:title" content="Aviso de privacidad - Archila Abogados" />
<meta property="og:description" content="Aviso de privacidad Archila Abogados Ltda., en cumplimiento de la Ley 1581 de 2012 y demás normas concordantes, es responsable del tratamiento de sus datos personales. Los datos personales que la Archila Abogados Ltda. solicita serán utilizados para fines relacionados con: El cumplimiento de los contratos celebrados con nuestros clientes y la prestación de los..." />
<meta property="og:url" content="https://archilaabogados.com/en/aviso-de-privacidad/" />
<meta property="og:site_name" content="Archila Abogados" />
<meta property="article:modified_time" content="2022-07-13T23:57:43+00:00" />
<meta name="twitter:card" content="summary_large_image" />
<meta name="twitter:label1" content="Est. reading time" />
	<meta name="twitter:data1" content="2 minutes" />
<script type="application/ld+json" class="yoast-schema-graph">{"@context":"https:\/\/schema.org","@graph":[{"@type":"WebPage","@id":"https:\/\/archilaabogados.com\/aviso-de-privacidad\/","url":"https:\/\/archilaabogados.com\/aviso-de-privacidad\/","name":"Aviso de privacidad - Archila Abogados","isPartOf":{"@id":"https:\/\/archilaabogados.com\/#website"},"datePublished":"2022-06-07T21:45:01+00:00","dateModified":"2022-07-13T23:57:43+00:00","breadcrumb":{"@id":"https:\/\/archilaabogados.com\/aviso-de-privacidad\/#breadcrumb"},"inLanguage":"en-US","potentialAction":[{"@type":"ReadAction","target":["https:\/\/archilaabogados.com\/aviso-de-privacidad\/"]}]},{"@type":"BreadcrumbList","@id":"https:\/\/archilaabogados.com\/aviso-de-privacidad\/#breadcrumb","itemListElement":[{"@type":"ListItem","position":1,"name":"Home","item":"https:\/\/archilaabogados.com\/"},{"@type":"ListItem","position":2,"name":"Aviso de privacidad"}]},{"@type":"WebSite","@id":"https:\/\/archilaabogados.com\/#website","url":"https:\/\/archilaabogados.com\/","name":"Archila Abogados","description":"Servicios legales","potentialAction":[{"@type":"SearchAction","target":{"@type":"EntryPoint","urlTemplate":"https:\/\/archilaabogados.com\/?s={search_term_string}"},"query-input":{"@type":"PropertyValueSpecification","valueRequired":true,"valueName":"search_term_string"}}],"inLanguage":"en-US"}]}</script>
<!-- / Yoast SEO plugin. -->

Aviso de privacidad Archila Abogados Ltda., en cumplimiento de la Ley 1581 de 2012 y demás normas concordantes, es responsable del tratamiento de sus datos personales. Los datos personales que la Archila Abogados Ltda. solicita serán utilizados para fines relacionados con: El cumplimiento de los contratos celebrados con nuestros clientes y la prestación de los...
